{"id":5845,"date":"2023-03-06T01:11:42","date_gmt":"2023-03-06T06:11:42","guid":{"rendered":"https:\/\/chineseexclusioncentenary.ca\/fr\/?post_type=tribe_events&#038;p=5845"},"modified":"2023-06-17T02:48:23","modified_gmt":"2023-06-17T06:48:23","slug":"national-remembrance-event","status":"publish","type":"tribe_events","link":"https:\/\/chineseexclusioncentenary.ca\/fr\/event\/national-remembrance-event\/","title":{"rendered":"\u00c9v\u00e9nement Comm\u00e9moratif National"},"content":{"rendered":"<p><strong>Comm\u00e9moration nationale du 100\u00e8me anniversaire de la promulgation de la Loi d&#8217;Exclusion des Chinois au Canada<\/strong><\/p>\n<p>Date : 23 juin 2023<\/p>\n<p>Lieu : Chambre du S\u00e9nat<\/p>\n<p>Heure : 15:00-17:00 EST<\/p>\n<p>Le 23 juin 2023, le s\u00e9nateur Yuen Pau Woo, le s\u00e9nateur Victor Oh et la fondation Action ! Chinese Canadians Together (ACCT) organiseront un \u00e9v\u00e9nement comm\u00e9moratif national dans la Chambre du S\u00e9nat du Canada \u00e0 l&#8217;occasion du 100\u00e8me anniversaire de la promulgation de la Loi d&#8217;Exclusion des Chinois au Canada.<\/p>\n<p>Cet \u00e9v\u00e9nement est l&#8217;occasion de reconna\u00eetre la relation durable entre les Canadiens d&#8217;origine chinoise et les peuples autochtones du Canada, de renforcer le sentiment de fiert\u00e9 et d&#8217;appartenance, et de prendre des mesures contre le racisme.<\/p>\n<p><strong>Pour suivre l&#8217;\u00e9v\u00e9nement, nous le transmettrons en direct. (Les d\u00e9tails du lien Web seront bient\u00f4t disponibles sur cette page Web.)<\/strong><\/p>\n<h3>Programme de l&#8217;\u00e9v\u00e9nement pour la Comm\u00e9moration nationale du 100\u00e8me anniversaire de la promulgation de la Loi d&#8217;Exclusion des Chinois au Canada<\/h3>\n<p><a class=\"fasc-button fasc-size-xlarge fasc-type-flat fasc-rounded-medium fasc-ico-before dashicons-format-aside fasc-style-bold\" style=\"background-color: #5b3fad; color: #ffffff;\" href=\"https:\/\/chineseexclusioncentenary.ca\/wp-content\/uploads\/2023\/06\/National-Remembrance-Rundown.pdf\">T\u00e9l\u00e9charger le programme de l&#8217;\u00e9v\u00e9nement<\/a><\/p>\n<h3>Soir\u00e9es de visionnement pour le souvenir national du 100e anniversaire de la loi d&#8217;exclusion des Chinois<\/h3>\n<p>Conscients de l&#8217;importance de cet \u00e9v\u00e9nement, nous souhaitons vous inviter \u00e0 y participer par le biais d&#8217;une transmission en direct depuis le b\u00e2timent du S\u00e9nat du Canada.<\/p>\n<p>Fa\u00e7ons de participer<\/p>\n<ul>\n<li>Vous souhaiterez peut-\u00eatre organiser une f\u00eate de diffusion en direct dans votre centre communautaire et inviter les membres de votre communaut\u00e9 \u00e0 le regarder.<\/li>\n<li>Vous souhaiterez peut-\u00eatre organiser une f\u00eate de diffusion en direct, en invitant vos amis et votre famille \u00e0 le regarder ensemble !<\/li>\n<li>Pour les \u00e9ducateurs et les enseignants, vous pouvez profiter de l&#8217;occasion pour expliquer la Loi \u00e0 vos \u00e9l\u00e8ves. Nous vous encourageons \u00e0 louer un espace afin de pouvoir transmettre cet \u00e9v\u00e9nement en direct. Du mat\u00e9riel p\u00e9dagogique sera disponible sur notre site web.<\/li>\n<\/ul>\n<p>Pour en savoir plus sur les soir\u00e9es de visionnage, y compris les ressources et les endroits o\u00f9 les soir\u00e9es de visionnement public sont organis\u00e9es \u00e0 travers le Canada, <a href=\"https:\/\/chineseexclusioncentenary.ca\/viewing-parties\/\">veuillez cliquer ici<\/a>.<\/p>\n<p>Pour vous inscrire en tant qu&#8217;individu et\/ou communaut\u00e9, veuillez cliquer sur le bouton d&#8217;inscription ci-dessous.<\/p>\n<p><a class=\"fasc-button fasc-size-xlarge fasc-type-flat fasc-rounded-medium fasc-ico-before dashicons-yes fasc-style-bold\" style=\"background-color: #5b3fad; color: #ffffff;\" href=\"https:\/\/www.eventbrite.ca\/e\/582249161917\">S\u2019enregistrer<\/a><\/p>\n","protected":false},"excerpt":{"rendered":"<p>Comm\u00e9moration nationale du 100\u00e8me anniversaire de la promulgation de la Loi d&#8217;Exclusion des Chinois au Canada Date : 23 juin 2023 Lieu : Chambre du S\u00e9nat Heure : 15:00-17:00 EST&hellip;<\/p>\n","protected":false},"author":1,"featured_media":5929,"comment_status":"open","ping_status":"closed","template":"","meta":{"_tribe_events_status":"","_tribe_events_status_reason":"","footnotes":""},"tags":[],"tribe_events_cat":[],"class_list":["post-5845","tribe_events","type-tribe_events","status-publish","has-post-thumbnail","hentry"],"yoast_head":"<!-- This site is optimized with the Yoast SEO plugin v20.5 - https:\/\/yoast.com\/wordpress\/plugins\/seo\/ -->\n<title>\u00c9v\u00e9nement Comm\u00e9moratif National - Centenaire d\u2019Exclusion des Chinois<\/title>\n<meta name=\"robots\" content=\"index, follow, max-snippet:-1, max-image-preview:large, max-video-preview:-1\" \/>\n<link rel=\"canonical\" href=\"https:\/\/chineseexclusioncentenary.ca\/fr\/event\/national-remembrance-event\/\" \/>\n<meta property=\"og:locale\" content=\"fr_CA\" \/>\n<meta property=\"og:type\" content=\"article\" \/>\n<meta property=\"og:title\" content=\"\u00c9v\u00e9nement Comm\u00e9moratif National - Centenaire d\u2019Exclusion des Chinois\" \/>\n<meta property=\"og:description\" content=\"Comm\u00e9moration nationale du 100\u00e8me anniversaire de la promulgation de la Loi d&#8217;Exclusion des Chinois au Canada Date : 23 juin 2023 Lieu : Chambre du S\u00e9nat Heure : 15:00-17:00 EST&hellip;\" \/>\n<meta property=\"og:url\" content=\"https:\/\/chineseexclusioncentenary.ca\/fr\/event\/national-remembrance-event\/\" \/>\n<meta property=\"og:site_name\" content=\"Centenaire d\u2019Exclusion des Chinois\" \/>\n<meta property=\"article:modified_time\" content=\"2023-06-17T06:48:23+00:00\" \/>\n<meta property=\"og:image\" content=\"https:\/\/chineseexclusioncentenary.ca\/fr\/wp-content\/uploads\/2023\/03\/Canada-Senate-Building.jpg\" \/>\n\t<meta property=\"og:image:width\" content=\"1200\" \/>\n\t<meta property=\"og:image:height\" content=\"801\" \/>\n\t<meta property=\"og:image:type\" content=\"image\/jpeg\" \/>\n<meta name=\"twitter:card\" content=\"summary_large_image\" \/>\n<meta name=\"twitter:label1\" content=\"Estimation du temps de lecture\" \/>\n\t<meta name=\"twitter:data1\" content=\"2 minutes\" \/>\n<script type=\"application\/ld+json\" class=\"yoast-schema-graph\">{\"@context\":\"https:\/\/schema.org\",\"@graph\":[{\"@type\":\"WebPage\",\"@id\":\"https:\/\/chineseexclusioncentenary.ca\/fr\/event\/national-remembrance-event\/\",\"url\":\"https:\/\/chineseexclusioncentenary.ca\/fr\/event\/national-remembrance-event\/\",\"name\":\"\u00c9v\u00e9nement Comm\u00e9moratif National - Centenaire d\u2019Exclusion des Chinois\",\"isPartOf\":{\"@id\":\"https:\/\/chineseexclusioncentenary.ca\/fr\/#website\"},\"datePublished\":\"2023-03-06T06:11:42+00:00\",\"dateModified\":\"2023-06-17T06:48:23+00:00\",\"breadcrumb\":{\"@id\":\"https:\/\/chineseexclusioncentenary.ca\/fr\/event\/national-remembrance-event\/#breadcrumb\"},\"inLanguage\":\"fr-CA\",\"potentialAction\":[{\"@type\":\"ReadAction\",\"target\":[\"https:\/\/chineseexclusioncentenary.ca\/fr\/event\/national-remembrance-event\/\"]}]},{\"@type\":\"BreadcrumbList\",\"@id\":\"https:\/\/chineseexclusioncentenary.ca\/fr\/event\/national-remembrance-event\/#breadcrumb\",\"itemListElement\":[{\"@type\":\"ListItem\",\"position\":1,\"name\":\"Accueil\",\"item\":\"https:\/\/chineseexclusioncentenary.ca\/fr\/\"},{\"@type\":\"ListItem\",\"position\":2,\"name\":\"\u00c9v\u00e8nements\",\"item\":\"https:\/\/chineseexclusioncentenary.ca\/fr\/events\/\"},{\"@type\":\"ListItem\",\"position\":3,\"name\":\"\u00c9v\u00e9nement Comm\u00e9moratif National\"}]},{\"@type\":\"WebSite\",\"@id\":\"https:\/\/chineseexclusioncentenary.ca\/fr\/#website\",\"url\":\"https:\/\/chineseexclusioncentenary.ca\/fr\/\",\"name\":\"Centenaire d\u2019Exclusion des Chinois\",\"description\":\"1923-2023\",\"publisher\":{\"@id\":\"https:\/\/chineseexclusioncentenary.ca\/fr\/#organization\"},\"potentialAction\":[{\"@type\":\"SearchAction\",\"target\":{\"@type\":\"EntryPoint\",\"urlTemplate\":\"https:\/\/chineseexclusioncentenary.ca\/fr\/?s={search_term_string}\"},\"query-input\":\"required name=search_term_string\"}],\"inLanguage\":\"fr-CA\"},{\"@type\":\"Organization\",\"@id\":\"https:\/\/chineseexclusioncentenary.ca\/fr\/#organization\",\"name\":\"Centenaire d\u2019Exclusion des Chinois\",\"url\":\"https:\/\/chineseexclusioncentenary.ca\/fr\/\",\"logo\":{\"@type\":\"ImageObject\",\"inLanguage\":\"fr-CA\",\"@id\":\"https:\/\/chineseexclusioncentenary.ca\/fr\/#\/schema\/logo\/image\/\",\"url\":\"https:\/\/chineseexclusioncentenary.ca\/fr\/wp-content\/uploads\/2023\/03\/cropped-logo-fr-square.png\",\"contentUrl\":\"https:\/\/chineseexclusioncentenary.ca\/fr\/wp-content\/uploads\/2023\/03\/cropped-logo-fr-square.png\",\"width\":512,\"height\":512,\"caption\":\"Centenaire d\u2019Exclusion des Chinois\"},\"image\":{\"@id\":\"https:\/\/chineseexclusioncentenary.ca\/fr\/#\/schema\/logo\/image\/\"}}]}<\/script>\n<!-- \/ Yoast SEO plugin. -->","yoast_head_json":{"title":"\u00c9v\u00e9nement Comm\u00e9moratif National - Centenaire d\u2019Exclusion des Chinois","robots":{"index":"index","follow":"follow","max-snippet":"max-snippet:-1","max-image-preview":"max-image-preview:large","max-video-preview":"max-video-preview:-1"},"canonical":"https:\/\/chineseexclusioncentenary.ca\/fr\/event\/national-remembrance-event\/","og_locale":"fr_CA","og_type":"article","og_title":"\u00c9v\u00e9nement Comm\u00e9moratif National - Centenaire d\u2019Exclusion des Chinois","og_description":"Comm\u00e9moration nationale du 100\u00e8me anniversaire de la promulgation de la Loi d&#8217;Exclusion des Chinois au Canada Date : 23 juin 2023 Lieu : Chambre du S\u00e9nat Heure : 15:00-17:00 EST&hellip;","og_url":"https:\/\/chineseexclusioncentenary.ca\/fr\/event\/national-remembrance-event\/","og_site_name":"Centenaire d\u2019Exclusion des Chinois","article_modified_time":"2023-06-17T06:48:23+00:00","og_image":[{"width":1200,"height":801,"url":"https:\/\/chineseexclusioncentenary.ca\/fr\/wp-content\/uploads\/2023\/03\/Canada-Senate-Building.jpg","type":"image\/jpeg"}],"twitter_card":"summary_large_image","twitter_misc":{"Estimation du temps de lecture":"2 minutes"},"schema":{"@context":"https:\/\/schema.org","@graph":[{"@type":"WebPage","@id":"https:\/\/chineseexclusioncentenary.ca\/fr\/event\/national-remembrance-event\/","url":"https:\/\/chineseexclusioncentenary.ca\/fr\/event\/national-remembrance-event\/","name":"\u00c9v\u00e9nement Comm\u00e9moratif National - Centenaire d\u2019Exclusion des Chinois","isPartOf":{"@id":"https:\/\/chineseexclusioncentenary.ca\/fr\/#website"},"datePublished":"2023-03-06T06:11:42+00:00","dateModified":"2023-06-17T06:48:23+00:00","breadcrumb":{"@id":"https:\/\/chineseexclusioncentenary.ca\/fr\/event\/national-remembrance-event\/#breadcrumb"},"inLanguage":"fr-CA","potentialAction":[{"@type":"ReadAction","target":["https:\/\/chineseexclusioncentenary.ca\/fr\/event\/national-remembrance-event\/"]}]},{"@type":"BreadcrumbList","@id":"https:\/\/chineseexclusioncentenary.ca\/fr\/event\/national-remembrance-event\/#breadcrumb","itemListElement":[{"@type":"ListItem","position":1,"name":"Accueil","item":"https:\/\/chineseexclusioncentenary.ca\/fr\/"},{"@type":"ListItem","position":2,"name":"\u00c9v\u00e8nements","item":"https:\/\/chineseexclusioncentenary.ca\/fr\/events\/"},{"@type":"ListItem","position":3,"name":"\u00c9v\u00e9nement Comm\u00e9moratif National"}]},{"@type":"WebSite","@id":"https:\/\/chineseexclusioncentenary.ca\/fr\/#website","url":"https:\/\/chineseexclusioncentenary.ca\/fr\/","name":"Centenaire d\u2019Exclusion des Chinois","description":"1923-2023","publisher":{"@id":"https:\/\/chineseexclusioncentenary.ca\/fr\/#organization"},"potentialAction":[{"@type":"SearchAction","target":{"@type":"EntryPoint","urlTemplate":"https:\/\/chineseexclusioncentenary.ca\/fr\/?s={search_term_string}"},"query-input":"required name=search_term_string"}],"inLanguage":"fr-CA"},{"@type":"Organization","@id":"https:\/\/chineseexclusioncentenary.ca\/fr\/#organization","name":"Centenaire d\u2019Exclusion des Chinois","url":"https:\/\/chineseexclusioncentenary.ca\/fr\/","logo":{"@type":"ImageObject","inLanguage":"fr-CA","@id":"https:\/\/chineseexclusioncentenary.ca\/fr\/#\/schema\/logo\/image\/","url":"https:\/\/chineseexclusioncentenary.ca\/fr\/wp-content\/uploads\/2023\/03\/cropped-logo-fr-square.png","contentUrl":"https:\/\/chineseexclusioncentenary.ca\/fr\/wp-content\/uploads\/2023\/03\/cropped-logo-fr-square.png","width":512,"height":512,"caption":"Centenaire d\u2019Exclusion des Chinois"},"image":{"@id":"https:\/\/chineseexclusioncentenary.ca\/fr\/#\/schema\/logo\/image\/"}}]}},"_links":{"self":[{"href":"https:\/\/chineseexclusioncentenary.ca\/fr\/wp-json\/wp\/v2\/tribe_events\/5845","targetHints":{"allow":["GET"]}}],"collection":[{"href":"https:\/\/chineseexclusioncentenary.ca\/fr\/wp-json\/wp\/v2\/tribe_events"}],"about":[{"href":"https:\/\/chineseexclusioncentenary.ca\/fr\/wp-json\/wp\/v2\/types\/tribe_events"}],"author":[{"embeddable":true,"href":"https:\/\/chineseexclusioncentenary.ca\/fr\/wp-json\/wp\/v2\/users\/1"}],"replies":[{"embeddable":true,"href":"https:\/\/chineseexclusioncentenary.ca\/fr\/wp-json\/wp\/v2\/comments?post=5845"}],"version-history":[{"count":9,"href":"https:\/\/chineseexclusioncentenary.ca\/fr\/wp-json\/wp\/v2\/tribe_events\/5845\/revisions"}],"predecessor-version":[{"id":6088,"href":"https:\/\/chineseexclusioncentenary.ca\/fr\/wp-json\/wp\/v2\/tribe_events\/5845\/revisions\/6088"}],"wp:featuredmedia":[{"embeddable":true,"href":"https:\/\/chineseexclusioncentenary.ca\/fr\/wp-json\/wp\/v2\/media\/5929"}],"wp:attachment":[{"href":"https:\/\/chineseexclusioncentenary.ca\/fr\/wp-json\/wp\/v2\/media?parent=5845"}],"wp:term":[{"taxonomy":"post_tag","embeddable":true,"href":"https:\/\/chineseexclusioncentenary.ca\/fr\/wp-json\/wp\/v2\/tags?post=5845"},{"taxonomy":"tribe_events_cat","embeddable":true,"href":"https:\/\/chineseexclusioncentenary.ca\/fr\/wp-json\/wp\/v2\/tribe_events_cat?post=5845"}],"curies":[{"name":"wp","href":"https:\/\/api.w.org\/{rel}","templated":true}]}}

Événement Commémoratif National

<p><strong>Commémoration nationale du 100ème anniversaire de la promulgation de la Loi d&#8217;Exclusion des Chinois au Canada</strong></p>
<p>Date : 23 juin 2023</p>
<p>Lieu : Chambre du Sénat</p>
<p>Heure : 15:00-17:00 EST</p>
<p>Le 23 juin 2023, le sénateur Yuen Pau Woo, le sénateur Victor Oh et la fondation Action ! Chinese Canadians Together (ACCT) organiseront un événement commémoratif national dans la Chambre du Sénat du Canada à l&#8217;occasion du 100ème anniversaire de la promulgation de la Loi d&#8217;Exclusion des Chinois au Canada.</p>
<p>Cet événement est l&#8217;occasion de reconnaître la relation durable entre les Canadiens d&#8217;origine chinoise et les peuples autochtones du Canada, de renforcer le sentiment de fierté et d&#8217;appartenance, et de prendre des mesures contre le racisme.</p>
<p><strong>Pour suivre l&#8217;événement, nous le transmettrons en direct. (Les détails du lien Web seront bientôt disponibles sur cette page Web.)</strong></p>
<h3>Programme de l&#8217;événement pour la Commémoration nationale du 100ème anniversaire de la promulgation de la Loi d&#8217;Exclusion des Chinois au Canada</h3>
<p><a class="fasc-button fasc-size-xlarge fasc-type-flat fasc-rounded-medium fasc-ico-before dashicons-format-aside fasc-style-bold" style="background-color: #5b3fad; color: #ffffff;" href="https://chineseexclusioncentenary.ca/wp-content/uploads/2023/06/National-Remembrance-Rundown.pdf">Télécharger le programme de l&#8217;événement</a></p>
<h3>Soirées de visionnement pour le souvenir national du 100e anniversaire de la loi d&#8217;exclusion des Chinois</h3>
<p>Conscients de l&#8217;importance de cet événement, nous souhaitons vous inviter à y participer par le biais d&#8217;une transmission en direct depuis le bâtiment du Sénat du Canada.</p>
<p>Façons de participer</p>
<ul>
<li>Vous souhaiterez peut-être organiser une fête de diffusion en direct dans votre centre communautaire et inviter les membres de votre communauté à le regarder.</li>
<li>Vous souhaiterez peut-être organiser une fête de diffusion en direct, en invitant vos amis et votre famille à le regarder ensemble !</li>
<li>Pour les éducateurs et les enseignants, vous pouvez profiter de l&#8217;occasion pour expliquer la Loi à vos élèves. Nous vous encourageons à louer un espace afin de pouvoir transmettre cet événement en direct. Du matériel pédagogique sera disponible sur notre site web.</li>
</ul>
<p>Pour en savoir plus sur les soirées de visionnage, y compris les ressources et les endroits où les soirées de visionnement public sont organisées à travers le Canada, <a href="https://chineseexclusioncentenary.ca/viewing-parties/">veuillez cliquer ici</a>.</p>
<p>Pour vous inscrire en tant qu&#8217;individu et/ou communauté, veuillez cliquer sur le bouton d&#8217;inscription ci-dessous.</p>
<p><a class="fasc-button fasc-size-xlarge fasc-type-flat fasc-rounded-medium fasc-ico-before dashicons-yes fasc-style-bold" style="background-color: #5b3fad; color: #ffffff;" href="https://www.eventbrite.ca/e/582249161917">S’enregistrer</a></p>

<p>Commémoration nationale du 100ème anniversaire de la promulgation de la Loi d&#8217;Exclusion des Chinois au Canada Date : 23 juin 2023 Lieu : Chambre du Sénat Heure : 15:00-17:00 EST&hellip;</p>

<!-- This site is optimized with the Yoast SEO plugin v20.5 - https://yoast.com/wordpress/plugins/seo/ -->
<title>Événement Commémoratif National - Centenaire d’Exclusion des Chinois</title>
<meta name="robots" content="index, follow, max-snippet:-1, max-image-preview:large, max-video-preview:-1" />
<link rel="canonical" href="https://chineseexclusioncentenary.ca/fr/event/national-remembrance-event/" />
<meta property="og:locale" content="fr_CA" />
<meta property="og:type" content="article" />
<meta property="og:title" content="Événement Commémoratif National - Centenaire d’Exclusion des Chinois" />
<meta property="og:description" content="Commémoration nationale du 100ème anniversaire de la promulgation de la Loi d&#8217;Exclusion des Chinois au Canada Date : 23 juin 2023 Lieu : Chambre du Sénat Heure : 15:00-17:00 EST&hellip;" />
<meta property="og:url" content="https://chineseexclusioncentenary.ca/fr/event/national-remembrance-event/" />
<meta property="og:site_name" content="Centenaire d’Exclusion des Chinois" />
<meta property="article:modified_time" content="2023-06-17T06:48:23+00:00" />
<meta property="og:image" content="https://chineseexclusioncentenary.ca/fr/wp-content/uploads/2023/03/Canada-Senate-Building.jpg" />
	<meta property="og:image:width" content="1200" />
	<meta property="og:image:height" content="801" />
	<meta property="og:image:type" content="image/jpeg" />
<meta name="twitter:card" content="summary_large_image" />
<meta name="twitter:label1" content="Estimation du temps de lecture" />
	<meta name="twitter:data1" content="2 minutes" />
<script type="application/ld+json" class="yoast-schema-graph">{"@context":"https://schema.org","@graph":[{"@type":"WebPage","@id":"https://chineseexclusioncentenary.ca/fr/event/national-remembrance-event/","url":"https://chineseexclusioncentenary.ca/fr/event/national-remembrance-event/","name":"Événement Commémoratif National - Centenaire d’Exclusion des Chinois","isPartOf":{"@id":"https://chineseexclusioncentenary.ca/fr/#website"},"datePublished":"2023-03-06T06:11:42+00:00","dateModified":"2023-06-17T06:48:23+00:00","breadcrumb":{"@id":"https://chineseexclusioncentenary.ca/fr/event/national-remembrance-event/#breadcrumb"},"inLanguage":"fr-CA","potentialAction":[{"@type":"ReadAction","target":["https://chineseexclusioncentenary.ca/fr/event/national-remembrance-event/"]}]},{"@type":"BreadcrumbList","@id":"https://chineseexclusioncentenary.ca/fr/event/national-remembrance-event/#breadcrumb","itemListElement":[{"@type":"ListItem","position":1,"name":"Accueil","item":"https://chineseexclusioncentenary.ca/fr/"},{"@type":"ListItem","position":2,"name":"Évènements","item":"https://chineseexclusioncentenary.ca/fr/events/"},{"@type":"ListItem","position":3,"name":"Événement Commémoratif National"}]},{"@type":"WebSite","@id":"https://chineseexclusioncentenary.ca/fr/#website","url":"https://chineseexclusioncentenary.ca/fr/","name":"Centenaire d’Exclusion des Chinois","description":"1923-2023","publisher":{"@id":"https://chineseexclusioncentenary.ca/fr/#organization"},"potentialAction":[{"@type":"SearchAction","target":{"@type":"EntryPoint","urlTemplate":"https://chineseexclusioncentenary.ca/fr/?s={search_term_string}"},"query-input":"required name=search_term_string"}],"inLanguage":"fr-CA"},{"@type":"Organization","@id":"https://chineseexclusioncentenary.ca/fr/#organization","name":"Centenaire d’Exclusion des Chinois","url":"https://chineseexclusioncentenary.ca/fr/","logo":{"@type":"ImageObject","inLanguage":"fr-CA","@id":"https://chineseexclusioncentenary.ca/fr/#/schema/logo/image/","url":"https://chineseexclusioncentenary.ca/fr/wp-content/uploads/2023/03/cropped-logo-fr-square.png","contentUrl":"https://chineseexclusioncentenary.ca/fr/wp-content/uploads/2023/03/cropped-logo-fr-square.png","width":512,"height":512,"caption":"Centenaire d’Exclusion des Chinois"},"image":{"@id":"https://chineseexclusioncentenary.ca/fr/#/schema/logo/image/"}}]}</script>
<!-- / Yoast SEO plugin. -->

Événement Commémoratif National - Centenaire d’Exclusion des Chinois

Commémoration nationale du 100ème anniversaire de la promulgation de la Loi d&#8217;Exclusion des Chinois au Canada Date : 23 juin 2023 Lieu : Chambre du Sénat Heure : 15:00-17:00 EST&hellip;

Évènements
